lculate the highest common factor of 385 and 52910.
55
What is the greatest common factor of 9048 and 58435?
377
Calculate the greatest common divisor of 1538875 and 8125.
1625
What is the highest common divisor of 68340 and 9860?
340
What is the highest common divisor of 269 and 142?
1
Calculate the highest common factor of 2363 and 2754.
17
Calculate the highest common divisor of 58 and 48.
2
What is the greatest common factor of 13857 and 1302?
93
What is the greatest common divisor of 18 and 13371?
3
What is the highest common divisor of 22962 and 167142?
534
Calculate the highest common factor of 1296 and 637308.
324
What is the greatest common factor of 2235 and 57216?
447
What is the highest common divisor of 39180 and 300?
60
Calculate the highest common factor of 46592 and 2464.
224
What is the greatest common divisor of 96 and 26912?
32
Calculate the highest common factor of 54 and 31466.
2
What is the greatest common divisor of 155452 and 132?
44
Calculate the greatest common factor of 3453956 and 396.
44
Calculate the greatest common divisor of 742 and 154.
14
Calculate the highest common divisor of 4053 and 105.
21
What is the highest common divisor of 1340 and 75308?
268
Calculate the greatest common factor of 1485 and 63822.
33
What is the greatest common divisor of 25158 and 42?
42
What is the highest common factor of 138 and 104466?
138
Calculate the highest common divisor of 108 and 203580.
108
What is the highest common divisor of 53376 and 2919?
417
What is the greatest common divisor of 2035 and 360580?
55
What is the greatest common factor of 3000 and 948?
12
What is the highest common factor of 556 and 167078?
278
What is the greatest common divisor of 1617 and 6754?
11
Calculate the greatest common divisor of 53735 and 143.
11
Calculate the greatest common factor of 1785357 and 765.
153
Calculate the greatest common factor of 14718660 and 660.
660
What is the greatest common divisor of 10488 and 2280?
456
What is the highest common divisor of 15 and 3513?
3
What is the greatest common factor of 265616 and 156?
52
What is the greatest common divisor of 13564 and 12?
4
Calculate the highest common divisor of 1221 and 115329.
111
Calculate the highest common divisor of 234 and 5557617.
117
What is the greatest common divisor of 969165 and 405?
405
Calculate the greatest common divisor of 3783 and 429.
39
Calculate the greatest common factor of 270170 and 10.
10
Calculate the highest common factor of 9 and 71595.
9
Calculate the greatest common divisor of 16 and 382456.
8
What is the highest common factor of 288 and 1207264?
32
What is the highest common divisor of 151301 and 923?
71
What is the greatest common divisor of 28238 and 56?
14
Calculate the highest common divisor of 631398 and 282.
282
What is the highest common divisor of 469342 and 94?
94
Calculate the highest common divisor of 10 and 108910.
10
Calculate the highest common factor of 728480 and 20.
20
What is the greatest common factor of 35953 and 3297?
157
Calculate the greatest common divisor of 5 and 5432635.
5
Calculate the greatest common factor of 163780 and 4465.
95
What is the highest common divisor of 16123 and 46?
23
Calculate the greatest common factor of 51 and 86258.
17
Calculate the greatest common factor of 5955 and 3402290.
1985
Calculate the highest common factor of 160 and 18620.
20
Calculate the highest common factor of 14310 and 62540.
530
What is the highest common factor of 779395 and 485?
485
What is the highest common factor of 208032 and 44?
44
What is the highest common factor of 4961 and 99?
11
Calculate the greatest common divisor of 1312 and 4797.
41
Calculate the highest common factor of 45 and 34325.
5
What is the highest common divisor of 30 and 143670?
30
What is the greatest common divisor of 35 and 525115?
5
What is the greatest common factor of 94257 and 108?
27
What is the highest common factor of 364 and 142246?
26
Calculate the highest common factor of 935 and 385.
55
Calculate the highest common divisor of 1902 and 264.
6
What is the greatest common divisor of 88 and 270952?
88
What is the greatest common factor of 684452 and 2603?
137
Calculate the highest common factor of 10700 and 3424.
428
Calculate the highest common factor of 1341 and 324671.
149
What is the greatest common factor of 1701974 and 346?
346
What is the highest common factor of 478318 and 38450?
1538
Calculate the highest common divisor of 275795 and 65.
65
Calculate the greatest common divisor of 5200 and 76050.
650
Calculate the highest common divisor of 871864 and 392.
56
Calculate the greatest common factor of 504 and 1296864.
72
What is the highest common divisor of 273 and 5649?
21
Calculate the greatest common divisor of 9317 and 16380.
7
Calculate the highest common divisor of 72 and 26244.
36
What is the greatest common divisor of 10460978 and 517?
517
What is the highest common divisor of 7684066 and 26?
26
Calculate the highest common factor of 8145 and 25.
5
What is the highest common factor of 12701 and 169?
13
Calculate the greatest common divisor of 42543 and 5379.
489
What is the greatest common divisor of 2223 and 105?
3
Calculate the greatest common divisor of 177625 and 105.
35
Calculate the highest common divisor of 281 and 190237.
281
Calculate the highest common divisor of 4023 and 1639.
149
Calculate the greatest common factor of 228 and 2355468.
228
Calculate the highest common divisor of 800 and 297280.
160
What is the greatest common divisor of 130 and 109525?
65
Calculate the greatest common factor of 70021 and 49.
49
What is the highest common factor of 2515108 and 1524?
508
Calculate the highest common factor of 28 and 800.
4
What is the highest common divisor of 18768805 and 2005?
2005
Calculate the greatest common divisor of 12 and 878156.
4
Calculate the greatest common factor of 2176 and 1024.
128
What is the highest common factor of 84480 and 74580?
660
Calculate the highest common divisor of 945 and 17661.
21
Calculate the highest common divisor of 80 and 6616.
8
Calculate the greatest common factor of 6952 and 14696.
88
Calculate the highest common factor of 3270 and 3.
3
Calculate the highest common divisor of 1518 and 432377.
253
Calculate the greatest common factor of 280 and 168140.
140
What is the greatest common divisor of 172563 and 1164?
291
What is the greatest common factor of 1 and 439?
1
Calculate the highest common divisor of 109595 and 460.
115
Calculate the greatest common factor of 205 and 1215.
5
What is the greatest common factor of 32 and 4024712?
8
What is the highest common divisor of 1341 and 81801?
1341
What is the greatest common divisor of 18 and 2733450?
6
Calculate the highest common divisor of 275050 and 75.
25
Calculate the highest common factor of 14112 and 91392.
672
What is the greatest common divisor of 5251 and 50018?
89
What is the highest common divisor of 2676 and 1224?
12
Calculate the highest common factor of 437 and 2691.
23
What is the greatest common divisor of 34399 and 41?
41
Calculate the greatest common divisor of 538 and 1401221.
269
Calculate the highest common divisor of 312984 and 4508.
644
Calculate the highest common divisor of 3075 and 141825.
75
What is the highest common factor of 563 and 83887?
563
Calculate the highest common factor of 812 and 1748236.
812
Calculate the highest common factor of 356360 and 32.
8
What is the greatest common divisor of 1188 and 4653?
99
What is the greatest common factor of 23 and 192119?
23
Calculate the greatest common factor of 562 and 1275178.
562
Calculate the greatest common divisor of 45 and 20885.
5
Calculate the greatest common factor of 75 and 3428400.
75
Calculate the greatest common factor of 175 and 5649.
7
What is the greatest common divisor of 30612 and 48?
12
What is the greatest common factor of 4752 and 6446?
22
Calculate the greatest common factor of 178748 and 4.
4
Calculate the highest common divisor of 8384 and 655.
131
Calculate the highest common factor of 333 and 66415.
37
What is the highest common factor of 75471 and 363?
33
What is the highest common divisor of 598 and 6890?
26
What is the highest common factor of 179946 and 702?
234
Calculate the greatest common factor of 5890176 and 1152.
1152
W